sor of 48126 and 304244551?
8021
Calculate the highest common factor of 608923062 and 1353.
1353
What is the greatest common divisor of 283008 and 638184?
24
What is the greatest common factor of 25788 and 68964?
84
What is the highest common divisor of 666 and 67531216?
74
What is the highest common divisor of 4535883343 and 1049?
1049
Calculate the greatest common divisor of 467296391 and 5561.
5561
Calculate the greatest common divisor of 25 and 1085375.
25
What is the greatest common factor of 990363 and 231?
33
Calculate the highest common divisor of 1859 and 66226875.
1859
Calculate the greatest common factor of 1079 and 162310733.
1079
What is the greatest common factor of 1673497 and 1517?
41
What is the greatest common factor of 46144 and 430444?
28
Calculate the greatest common divisor of 7414192 and 304.
16
What is the highest common divisor of 324023 and 14628453?
7903
Calculate the highest common divisor of 18337508 and 19.
19
What is the highest common divisor of 755 and 396172358?
151
Calculate the highest common factor of 10904026 and 472.
118
Calculate the highest common divisor of 165 and 61401835.
55
Calculate the highest common divisor of 27 and 1075574079.
27
Calculate the greatest common divisor of 13702 and 703018.
1054
Calculate the highest common factor of 444506 and 8201.
59
What is the highest common factor of 9414065 and 37001?
163
Calculate the greatest common divisor of 250713 and 6886.
313
What is the greatest common divisor of 4 and 9834183?
1
What is the greatest common divisor of 244 and 13448?
4
Calculate the highest common factor of 522512 and 106672.
1808
What is the greatest common factor of 24 and 11022126?
6
What is the highest common factor of 12 and 2061208?
4
Calculate the greatest common factor of 21329215 and 5.
5
Calculate the highest common factor of 918456 and 1258950.
462
Calculate the highest common divisor of 9158500 and 2.
2
Calculate the highest common factor of 28287 and 134757.
63
Calculate the highest common factor of 129876 and 2610792.
948
What is the greatest common factor of 27391795 and 18629?
1433
What is the greatest common divisor of 221249600 and 143?
143
What is the highest common divisor of 815 and 974395?
5
What is the greatest common divisor of 26784 and 11456928?
288
What is the greatest common factor of 1612 and 2097?
1
Calculate the highest common divisor of 134873372 and 652.
652
Calculate the greatest common divisor of 2550 and 12035796.
102
What is the highest common factor of 33028 and 15916?
92
Calculate the greatest common divisor of 20 and 120386520.
20
What is the highest common divisor of 4067 and 535204999?
4067
What is the highest common divisor of 82283728 and 16?
16
Calculate the greatest common factor of 1935 and 470071915.
215
What is the greatest common divisor of 19228258 and 3806?
346
What is the greatest common factor of 177117020 and 4639?
4639
Calculate the highest common divisor of 118837935 and 2025.
405
What is the highest common divisor of 7564 and 7821908?
244
What is the highest common divisor of 194508 and 4374?
54
What is the highest common factor of 6063 and 114915?
141
What is the highest common factor of 16804684 and 676?
676
What is the greatest common factor of 684 and 17219835?
9
What is the greatest common factor of 201899088 and 27?
27
Calculate the highest common divisor of 1956 and 93228.
12
What is the greatest common factor of 587499 and 432402?
57
What is the highest common divisor of 13332 and 29649444?
132
Calculate the highest common factor of 2062919 and 636.
53
What is the greatest common factor of 74280390 and 210?
30
What is the greatest common divisor of 76958116 and 544?
68
Calculate the greatest common divisor of 200262429 and 783.
783
Calculate the greatest common divisor of 59377235 and 153631.
2293
What is the greatest common factor of 8970 and 278655?
195
Calculate the highest common divisor of 269394 and 20886.
354
What is the highest common factor of 32746 and 295904?
14
What is the highest common factor of 371371 and 1289288?
7007
What is the highest common divisor of 2847 and 43932057?
2847
Calculate the greatest common divisor of 2707617 and 1815.
363
What is the greatest common divisor of 3782382 and 1866?
1866
Calculate the highest common factor of 1378053 and 583.
53
What is the highest common divisor of 185307 and 216?
3
Calculate the highest common factor of 389489632 and 14952.
4984
Calculate the greatest common factor of 1807 and 162125986.
139
What is the greatest common divisor of 33385 and 167497?
11
What is the highest common factor of 3650 and 681850?
50
Calculate the greatest common divisor of 26430 and 1215.
15
Calculate the greatest common divisor of 5035 and 182590.
95
What is the greatest common divisor of 10846494 and 162?
54
What is the greatest common factor of 11124218 and 28?
14
What is the highest common divisor of 115695 and 165?
15
Calculate the highest common factor of 1526228 and 132.
44
Calculate the highest common factor of 55194 and 4146.
6
Calculate the greatest common factor of 36619 and 33198.
11
Calculate the highest common divisor of 2154536 and 792.
8
What is the greatest common divisor of 241927 and 26486?
323
Calculate the highest common divisor of 8238 and 56358.
6
Calculate the greatest common factor of 898587 and 437.
23
What is the greatest common factor of 16061700 and 2400?
300
Calculate the highest common divisor of 18849991 and 68.
17
What is the highest common factor of 1146 and 97012338?
1146
Calculate the greatest common factor of 6090 and 697760.
70
What is the greatest common divisor of 3335 and 1589461?
667
What is the greatest common divisor of 5821406 and 323773?
1627
Calculate the greatest common divisor of 2304 and 69265296.
144
Calculate the greatest common factor of 669327 and 6255888.
6627
What is the greatest common divisor of 288 and 1258384?
16
What is the highest common divisor of 14755 and 3692155?
1135
Calculate the highest common factor of 6932568 and 1104.
552
What is the greatest common divisor of 134494983 and 1197?
63
Calculate the greatest common factor of 20933780 and 1750.
70
Calculate the highest common factor of 126819 and 2806.
61
Calculate the greatest common factor of 16986 and 1480017.
447
Calculate the highest common factor of 1370749 and 1.
1
Calculate the highest common divisor of 13213396 and 196.
28
What is the greatest common factor of 35552606 and 73?
73
Calculate the greatest common factor of 15 and 59137710.
15
What is the highest common factor of 27196 and 4359728?
2092
What is the greatest common divisor of 1451 and 179977687?
1451
Calculate the highest common factor of 494 and 606796502.
494
Calculate the highest common divisor of 3427062 and 852.
6
What is the greatest common factor of 3400839 and 117?
117
Calculate the greatest common factor of 45 and 8793621.
9
What is the greatest common divisor of 522 and 2308536?
18
What is the highest common divisor of 1120 and 40013680?
560
Calculate the highest common factor of 20826575 and 11.
11
What is the highest common divisor of 2190870 and 726?
66
Calculate the highest common factor of 483485931 and 639.
639
What is the greatest common factor of 12 and 1828386?
6
What is the highest common factor of 10909722 and 26686?
2426
What is the highest common divisor of 2519 and 182633?
11
Calculate the greatest common factor of 527731 and 3247.
17
What is the greatest common factor of 5695 and 15933605?
335
Calculate the greatest common divisor of 1 and 28790269.
1
Calculate the greatest common factor of 1502712 and 7452.
324
Calculate the highest common factor of 2496 and 6422442.
78
Calculate the greatest common factor of 49233040 and 4480.
80
Calculate the greatest common factor of 112219 and 152434.
383
What is the greatest common divisor of 253116 and 68372604?
2844
Calculate the highest common divisor of 2695 and 2365.
55
What is the highest common factor of 636551 and 2714?
59
Calculate the highest common factor of 402182 and 11584.
362
Calculate the greatest common factor of 544815018 and 594.
594
What is the greatest common factor of 445441 and 9593?
181
Calculate the greatest common factor of 5850 and 326175.
75
What is the highest common factor of 2702984 and 2248?
8